 f prime?
True
Let x(j) = j**3 - 3*j**2 - 70*j + 11. Let h be x(10). Suppose -13*n - h*n + 929352 = 0. Is n prime?
True
Let u(f) = -479*f + 1896. Is u(-19) prime?
False
Let y = 82888 - -8354. Suppose 14*m = 195128 + y. Is m a prime number?
False
Is 180/(-72)*8849778/(-35) a composite number?
True
Let l = 2461492 + -1470083. Is l a prime number?
True
Let f be -4 + 12 - (-2)/1*-1. Is 4 + 8245 + (14 - f) composite?
True
Suppose w - 5*d = 5*w - 3535, 3*w - 3*d - 2685 = 0. Suppose 4*v + w - 4345 = -5*a, -v = 5*a - 860. Is v a composite number?
True
Let p = 6969 + -6915. Let v = 61 - 30. Let y = p + v. Is y composite?
True
Is 99738 - 1/4*-52 a prime number?
False
Let a(o) = 904*o**3 - 5*o**2 - 149*o + 157. Is a(12) a prime number?
False
Is 8607 + -101 - (4 - 1) a composite number?
True
Let q(r) = -17774 - 22*r + 36*r**2 + 17767 + 52*r**2. Is q(-6) composite?
True
Let g = -343 + 802. Let l be (-1 - g)/((-34)/408). Is l/14 - (20/(-35))/(-2) a composite number?
True
Let m(v) = -125*v - 38. Suppose -4*r - 63 = -27. Is m(r) composite?
False
Let v(u) = u**3 - 15*u**2 + 10. Let p be v(15). Suppose 7*b + 1356 = p*b. Suppose 20 = 5*z, 4*z + 3399 = s - b. Is s prime?
False
Let s(n) = -105*n - 51. Let i(k) = 210*k + 104. Let m(u) = 2*i(u) + 5*s(u). Is m(-18) a composite number?
True
Let g(x) = -104*x + 25. Let f be g(-4). Let u = -189 + f. Is 10/(-10) - (0 - u) prime?
True
Let j = -384132 - -592261. Is j a composite number?
False
Suppose -38*u - 738209 = -4*h - 33*u, -2*h = -2*u - 369108. Is h composite?
True
Let y = 187 + -203. Is (804/y)/(21/(-140)) composite?
True
Let k(o) = -46*o**2 + 24*o + 22. Let h(p) = p**2 + 1. Let t(w) = -3*h(w) - k(w). Is t(12) prime?
True
Let l = -54 - -36. Let i be (-12)/9*l/(-4). Is (7 - 1)*(-118)/i a prime number?
False
Let q(r) = r**3 + 25*r**2 - 54*r - 79. Let d be q(-25). Let x be ((-24)/10)/(6/1545). Let u = d + x. Is u a composite number?
False
Let n = -32 + 3. Let u = n - -31. Is (15/(-6) + 2)/(u/(-7036)) a composite number?
False
Let m(h) be the second derivative of -13*h**3/6 + 53*h**2/2 - 40*h. Is m(3) a composite number?
True
Let u = 62 + -57. Let q be 2 + ((-4)/(-2) - u) - -5. Suppose 0*c = -n + q*c - 6, 4*n = c + 21. Is n composite?
True
Let t(i) = 37*i - 62. Let j be t(20). Suppose -k + 638 = -a, j = 2*k + 4*a - 616. Is k prime?
True
Suppose -73 = t + 18. Let o = t - -240. Is -1*o/2*-2 a composite number?
False
Is (20260955/390 - (-1)/3)/(1/2) a composite number?
False
Let c = 400 + -374. Suppose -1741 = -19*q + c. Is q a prime number?
False
Let o(v) = 309*v + 988. Is o(15) a prime number?
True
Let q(b) = -25*b**2 + 2*b - b - 6 + b + 2*b. Let j(m) = -26*m**2 + 4*m - 6. Let i(p) = -4*j(p) + 3*q(p). Is i(7) a prime number?
True
Let z be 0/(((-5)/(20/(-12)))/(-1)). Suppose 7*k - 9*k + 8 = z. Is 82*17/2 + k/1 composite?
False
Suppose 46390386 + 21267909 = 345*h. Is h composite?
False
Let g be (301/21)/(6/2970). Let y = g + -3736. Is y a composite number?
False
Let s(m) = -2*m**3 + 6*m**2 + 8*m - 5. Suppose 4*o - 35 = 129. Let d = 34 - o. Is s(d) a composite number?
False
Suppose 0 = -50*b + 53*b - 27. Is (14 + -5)*4791/b a prime number?
False
Let d(t) = -37*t**3 + 44*t**2 - 10*t - 168. Is d(-13) prime?
False
Suppose 4*i + 1 = -47. Let c(p) = -13*p + 13. Is c(i) a prime number?
False
Let m = -179432 - -320635. Is m a prime number?
False
Let g be ((-759)/12)/((-2)/24*3). Let j = g + 808. Is j a prime number?
True
Suppose 33*x + 43*x = 4*x + 95276664. Is x a composite number?
True
Let z(w) = 65*w**2 - 12*w + 17. Let h be z(9). Suppose 3*n + 7719 = 3*a, 2*a + 7*n - h = 2*n. Is a - (25/(-5) - -3) prime?
True
Let z(q) = q**3 - 6*q**2 + 7*q - 29. Let d be z(6). Is (-7)/(-6 + d) + 2202 a prime number?
False
Let p(g) = 1944*g**2 + 45*g - 202. Is p(4) prime?
False
Suppose w = 3*w - 120. Suppose -6*c = 5*x - 8, 2*c + 2*x = 9 - 5. Is -2314*c/w - (-4)/(-30) a composite number?
True
Let i(q) = -33367*q + 283. Is i(-18) a prime number?
True
Suppose -v = -4*h - 8, -2*h - 1 = -h. Suppose -3*p - 1352 = -c, 4*c + 5*p = v*p + 5447. Is c prime?
True
Let x(c) = -57317*c + 66. Let a be x(10). Is 8/(-60) - a/105 a composite number?
True
Let j(d) = -d**3 - 41*d**2 + 696*d + 17. Is j(-56) a composite number?
False
Suppose -517 = -2*d - 487. Suppose -3*o + 3 = d, 4*c + 3*o = 1880. Is c a composite number?
True
Let n = -2253 - -1184. Suppose 0 = o + o + t + 1180, 0 = 5*t + 20. Let g = o - n. Is g a prime number?
False
Let g(w) be the second derivative of 175*w**3 + 11*w**2/2 - 3*w - 7. Is g(5) a prime number?
True
Let b = 180677 - 127276. Is b a composite number?
False
Let u(v) = -v. Let a(q) = -q**3 - 3*q - 3. Let t(j) = -a(j) + 2*u(j). Let h = -20 + 23. Is t(h) prime?
False
Let l(n) = 2*n**2 - 2. Let u(d) = -72*d**2 - 15*d - 34. Let s(a) = -4*l(a) - u(a). Is s(-11) prime?
True
Suppose 0 = -4*p - 17*a + 20*a + 369144, 0 = p + a - 92293. Is p composite?
True
Suppose 3091*k = 3104*k - 1503203. Is k prime?
True
Let s = 140 + -10. Let b = 785 - s. Is b composite?
True
Suppose 135*o = 123*o + 404148. Is o a prime number?
True
Let k = 2001900 + -627427. Is k composite?
False
Suppose -5*y - 950655 = -5*j, -16*j + 12*j = -3*y - 760522. Is j a composite number?
False
Let i = 60158 + -29617. Is i prime?
False
Let t(x) = -1037*x**3 + 8*x**2 + 70*x + 24. Is t(-11) a composite number?
False
Let w(z) = -z**3 - 10*z**2 + 55*z + 38. Let j be w(-18). Let q = 11443 - j. Is q a prime number?
True
Let v = -779 - -794. Let k(s) = 14*s**2 - 26 - 5*s**2 - 7*s**2 - s. Is k(v) prime?
True
Let j(k) = 2*k + 36. Let g be j(13). Let t = -57 + g. Suppose 5500 = 5*r + t*u, u + 4403 = 4*r + 6*u. Is r prime?
True
Let p(s) = 2*s + 26. Let m be p(-12). Suppose -m*r - 3*o = 4, 7*o + 12 = -2*r + 2*o. Suppose r*f = -5*i + 245, -4*f + 192 = 5*i - i. Is i a composite number?
False
Let c(k) = 170528*k + 87. Is c(1) prime?
False
Let i(d) = 3*d + 13. Let k be i(-3). Suppose -3*h - 5*g + 11377 = -10497, k*h - g = 29127. Is h prime?
True
Let h = 396 - 391. Suppose 0 = -2*w + 3*f + 6730, -7*w = -5*w + h*f - 6762. Is w a composite number?
False
Let v(q) = -46*q - 128. Let m be v(-9). Suppose f + m = l, l - 292 = -3*f + 2*f. Is l prime?
False
Let v(w) = -1390*w - 7. Let z be v(-3). Suppose 863 - z = -5*d. Let c = 2789 - d. Is c composite?
False
Let p(m) = m + 25. Let o be p(-6). Let q = -22 + o. Is (1137/(-12))/(q/24) a composite number?
True
Let h(a) = -6*a - 184. Let y be h(-23). Is (-10128)/(-5) + y/(-115) a composite number?
True
Let f be (-9)/6 - (-264746)/4. Is f/341 - 1/11 composite?
True
Suppose b - 4*b = -114. Let i = -34 + b. Is -1 + i - (-2 - 462) a composite number?
False
Suppose -2*m = 5*h - 610038, 0*m + 3*h = -5*m + 1525133. Is m a composite number?
False
Suppose -2*t = -5*v - 5*t + 10, 3*t + 15 = 0. Let j be ((-128)/48)/((-4)/6). Suppose -k = j*a - 99, v*a + 370 = -2*k + 7*k. Is k a composite number?
False
Let b(f) = f**3 - 19*f**2 + f - 9. Let u be b(19). Suppose -5*c - h + u = 0, h + 7 = c - 1. Suppose -l + m = -75, -c*m - 68 = -l - 1. Is l a composite number?
False
Is (7 - 10)*(1/3)/((-8)/6285368) a composite number?
False
Let u = 316 - 311. Suppose 0 = w - 4*w + 6, 1344 = 2*r - u*w. Is r composite?
False
Let v(m) = -77*m**3 + 10*m**2 + 11*m + 35. Let o be v(-4). Suppose 5*w - o = -2*f + 4*w, -3*f - 5*w = -7622. Is f composite?
False
Let l = 50 + -107. Let s be l/(-38)*2/(-3). Is 614/(1 + -3)*s a prime number?
True
Suppose -5*h = 4*l - 339 - 283, 3*h - 374 = -2*l. Let z(q) = h*q - 38 - 368*q + 37. Is z(-7) a composite number?
False
Suppose 2*o - 3*o + 6*o - 187735 = 0. Is o a prime number?
True
Suppose -2*m - 4*b = -300978, -3*m + 5*b = 302377 - 753756. Is m prime?
True
Let t be (281/2)/((-51)/(-408)). Suppose 674 = 2*w - 0*w. Let h = t - w. Is h composite?
False
Is 2046162/(-2)*((-14)/(-28))/((-6)/4) prime?
True
Is (-18)/(-42) + (-371)/(-49) + 24675 a composite number?
False
Suppose 8*k - 1562727 - 1202177 = 0. Is k prime?
False
Let m = -2032 + -1410. Let w = m + 6363. Is w a prime number?
False
Let y = -1366 + 77236. Suppose -2*w - w = -5*g - y, -3*w = -4*g - 75873. Is w composite?
True
Let k = 24384 - 11026. Let s = k - 8272. Is s a prime number?
False
Let t(x) be the third derivative of x**4/12 + 13*x**3/3 - 3*x**2. Let h be t(-13). Suppose 6*v = -h*v + 1266. Is v p